{"id":413,"date":"2026-02-06T10:38:18","date_gmt":"2026-02-06T10:38:18","guid":{"rendered":"https:\/\/a2sf.fr\/?page_id=413"},"modified":"2026-02-11T10:41:29","modified_gmt":"2026-02-11T10:41:29","slug":"413-2","status":"publish","type":"page","link":"https:\/\/a2sf.fr\/index.php\/413-2\/","title":{"rendered":"Pr\u00e9voyance"},"content":{"rendered":"\n<div style=\"height:25px\" aria-hidden=\"true\" class=\"wp-block-spacer\"><\/div>\n\n\n\n<div class=\"wp-block-group alignwide has-base-2-background-color has-background has-global-padding is-layout-constrained wp-block-group-is-layout-constrained\" style=\"border-top-left-radius:15px;border-top-right-radius:15px;border-bottom-left-radius:15px;border-bottom-right-radius:15px;margin-top:0;margin-bottom:0;padding-top:var(--wp--preset--spacing--30);padding-bottom:var(--wp--preset--spacing--30)\">\n<div class=\"wp-block-columns is-layout-flex wp-container-core-columns-is-layout-28f84493 wp-block-columns-is-layout-flex\">\n<div class=\"wp-block-column is-layout-flow wp-block-column-is-layout-flow\">\n<h2 class=\"wp-block-heading has-text-align-center\">Pr\u00e9voyance <\/h2>\n\n\n\n<div style=\"height:15px\" aria-hidden=\"true\" class=\"wp-block-spacer\"><\/div>\n<\/div>\n<\/div>\n\n\n\n<div class=\"wp-block-columns alignwide is-layout-flex wp-container-core-columns-is-layout-28f84493 wp-block-columns-is-layout-flex\">\n<div class=\"wp-block-column is-layout-flow wp-block-column-is-layout-flow\">\n<h3 class=\"wp-block-heading\"><strong>A quoi sert une pr\u00e9voyance&nbsp;?<\/strong><\/h3>\n\n\n\n<p><strong>Une protection pour vos proches en cas de d\u00e9c\u00e8s et pour vous en cas d\u2019invalidit\u00e9 grave. <\/strong><strong><\/strong><\/p>\n\n\n\n<p>Parce qu\u2019il n\u2019est pas toujours \u00e9vident de pr\u00e9voir sa disparition et que celle-ci peut \u00eatre soudaine, il est important d\u2019assureur l\u2019avenir de vos proches et de pr\u00e9server votre patrimoine.<\/p>\n\n\n\n<p>La solution s\u00e9r\u00e9nit\u00e9 et mettre votre entourage \u00e0 l\u2019abri de toute difficult\u00e9 financi\u00e8re par le versement d\u2019un capital en cas de d\u00e9c\u00e8s ou d\u2019invalidit\u00e9 absolue et d\u00e9finitive cons\u00e9cutive \u00e0 un accident ou une maladie.<\/p>\n\n\n\n<p><strong># Tempo d\u00e9c\u00e8s. <\/strong><strong><\/strong><\/p>\n\n\n\n<p>&nbsp;\u00ab&nbsp; Chaque ann\u00e9e se sont 4,5 millions de bless\u00e9s et pr\u00e8s de 19&nbsp;000 d\u00e9c\u00e8s, les accidents de la vie priv\u00e9e peuvent avoir de lourde cons\u00e9quence sur votre vie quotidienne et celle de vos proches&nbsp;\u00bb.<\/p>\n\n\n\n<p>Une solution vous permet \u00e9galement de vous couvrir pour ce genre d\u2019\u00e9v\u00e8nement et ainsi ne pas \u00eatre un fardeau pour votre famille.<\/p>\n\n\n\n<p><strong># Garantie accident de la vie. <\/strong><strong><\/strong><\/p>\n\n\n\n<p>Le financement de vos obs\u00e8ques est une anticipation qu\u2019il est n\u00e9cessaire de pr\u00e9parer \u00e0 l\u2019avance. En effet, vos souhaits gr\u00e2ce \u00e0 l\u2019intervention d\u2019un professionnel seront avec certitudes respect\u00e9es. Aussi, des solutions existent pour vous permettre de ne rien laisser au hasard.<\/p>\n\n\n\n<p>Lib\u00e9rer vos proches des contraintes financi\u00e8res et d\u2019organisation lors de votre d\u00e9c\u00e8s,<\/p>\n\n\n\n<p>Financer \u00e0 l\u2019avance ses obs\u00e8ques en organisant toutes les d\u00e9marches le moment venu.<\/p>\n\n\n\n<p><strong># Obs\u00e8ques<\/strong><\/p>\n\n\n\n<div style=\"height:79px\" aria-hidden=\"true\" class=\"wp-block-spacer\"><\/div>\n\n\n\n<p>Notre avis&nbsp;: plus vous cotisez t\u00f4t moins les cotisations sont importantes<\/p>\n\n\n\n<div style=\"height:25px\" aria-hidden=\"true\" class=\"wp-block-spacer\"><\/div>\n\n\n\n<p><a href=\"https:\/\/a2sf.fr\/\" data-type=\"page\" data-id=\"249\">\u2190 Retour<\/a><\/p>\n<\/div>\n<\/div>\n<\/div>\n\n\n\n<div style=\"height:100px\" aria-hidden=\"true\" class=\"wp-block-spacer\"><\/div>\n","protected":false},"excerpt":{"rendered":"<p>Pr\u00e9voyance A quoi sert une pr\u00e9voyance&nbsp;? Une protection pour vos proches en cas de d\u00e9c\u00e8s et pour vous en cas d\u2019invalidit\u00e9 grave. Parce qu\u2019il n\u2019est pas toujours \u00e9vident de pr\u00e9voir sa disparition et que celle-ci peut \u00eatre soudaine, il est important d\u2019assureur l\u2019avenir de vos proches et de pr\u00e9server votre patrimoine. La solution s\u00e9r\u00e9nit\u00e9 et [&hellip;]<\/p>\n","protected":false},"author":1,"featured_media":0,"parent":0,"menu_order":0,"comment_status":"closed","ping_status":"closed","template":"","meta":{"om_disable_all_campaigns":false,"footnotes":""},"class_list":["post-413","page","type-page","status-publish","hentry"],"_links":{"self":[{"href":"https:\/\/a2sf.fr\/index.php\/wp-json\/wp\/v2\/pages\/413","targetHints":{"allow":["GET"]}}],"collection":[{"href":"https:\/\/a2sf.fr\/index.php\/wp-json\/wp\/v2\/pages"}],"about":[{"href":"https:\/\/a2sf.fr\/index.php\/wp-json\/wp\/v2\/types\/page"}],"author":[{"embeddable":true,"href":"https:\/\/a2sf.fr\/index.php\/wp-json\/wp\/v2\/users\/1"}],"replies":[{"embeddable":true,"href":"https:\/\/a2sf.fr\/index.php\/wp-json\/wp\/v2\/comments?post=413"}],"version-history":[{"count":13,"href":"https:\/\/a2sf.fr\/index.php\/wp-json\/wp\/v2\/pages\/413\/revisions"}],"predecessor-version":[{"id":813,"href":"https:\/\/a2sf.fr\/index.php\/wp-json\/wp\/v2\/pages\/413\/revisions\/813"}],"wp:attachment":[{"href":"https:\/\/a2sf.fr\/index.php\/wp-json\/wp\/v2\/media?parent=413"}],"curies":[{"name":"wp","href":"https:\/\/api.w.org\/{rel}","templated":true}]}}