{"id":404,"date":"2026-02-06T10:15:48","date_gmt":"2026-02-06T10:15:48","guid":{"rendered":"https:\/\/a2sf.fr\/?page_id=404"},"modified":"2026-02-11T10:49:24","modified_gmt":"2026-02-11T10:49:24","slug":"mutuelle-sante-2","status":"publish","type":"page","link":"https:\/\/a2sf.fr\/index.php\/mutuelle-sante-2\/","title":{"rendered":"Mutuelle Sant\u00e9"},"content":{"rendered":"\n<div style=\"height:25px\" aria-hidden=\"true\" class=\"wp-block-spacer\"><\/div>\n\n\n\n<div class=\"wp-block-group alignwide has-base-2-background-color has-background has-global-padding is-layout-constrained wp-block-group-is-layout-constrained\" style=\"border-top-left-radius:15px;border-top-right-radius:15px;border-bottom-left-radius:15px;border-bottom-right-radius:15px\">\n<div class=\"wp-block-columns alignwide is-layout-flex wp-container-core-columns-is-layout-28f84493 wp-block-columns-is-layout-flex\">\n<div class=\"wp-block-column is-layout-flow wp-block-column-is-layout-flow\">\n<h2 class=\"wp-block-heading has-text-align-center\">Mutuelle Sant\u00e9<\/h2>\n\n\n\n<div style=\"height:25px\" aria-hidden=\"true\" class=\"wp-block-spacer\"><\/div>\n<\/div>\n<\/div>\n\n\n\n<div class=\"wp-block-columns alignwide is-layout-flex wp-container-core-columns-is-layout-28f84493 wp-block-columns-is-layout-flex\">\n<div class=\"wp-block-column is-layout-flow wp-block-column-is-layout-flow\">\n<p><strong>\u00c0 quoi sert une mutuelle ou compl\u00e9mentaire sant\u00e9 ?<\/strong><\/p>\n\n\n\n<p>La mutuelle sant\u00e9 d\u00e9signe l\u2019organisme et le contrat qui g\u00e8re le remboursement, total ou partiel, de ce qu\u2019il vous reste \u00e0 payer (on parle de \u201creste \u00e0 charge\u201d) une fois que la S\u00e9curit\u00e9 sociale a pris en charge sa part.&nbsp;<\/p>\n\n\n\n<p>\u00c9galement d\u00e9nomm\u00e9e&nbsp;mutuelle ou assurance sant\u00e9, la compl\u00e9mentaire sant\u00e9 vient donc compl\u00e9ter les garanties de base propos\u00e9es par la S\u00e9curit\u00e9 sociale selon une base de remboursement (BR), une nomenclature des tarifs pour chaque soin. &nbsp;<\/p>\n\n\n\n<p>Elle prend \u00e9galement en charge, partiellement ou en totalit\u00e9 (en fonction des garanties qu\u2019elle propose), les actes non rembours\u00e9s par l\u2019Assurance maladie. La mutuelle assure ainsi une meilleure couverture sant\u00e9.&nbsp;<\/p>\n\n\n\n<div style=\"height:25px\" aria-hidden=\"true\" class=\"wp-block-spacer\"><\/div>\n\n\n\n<p><a href=\"https:\/\/a2sf.fr\/\" data-type=\"link\" data-id=\"https:\/\/a2sf.fr\/\">\u2190 Retour<\/a><\/p>\n<\/div>\n<\/div>\n<\/div>\n\n\n\n<div style=\"height:100px\" aria-hidden=\"true\" class=\"wp-block-spacer\"><\/div>\n\n\n\n<p><\/p>\n","protected":false},"excerpt":{"rendered":"<p>Mutuelle Sant\u00e9 \u00c0 quoi sert une mutuelle ou compl\u00e9mentaire sant\u00e9 ? La mutuelle sant\u00e9 d\u00e9signe l\u2019organisme et le contrat qui g\u00e8re le remboursement, total ou partiel, de ce qu\u2019il vous reste \u00e0 payer (on parle de \u201creste \u00e0 charge\u201d) une fois que la S\u00e9curit\u00e9 sociale a pris en charge sa part.&nbsp; \u00c9galement d\u00e9nomm\u00e9e&nbsp;mutuelle ou assurance [&hellip;]<\/p>\n","protected":false},"author":1,"featured_media":0,"parent":0,"menu_order":0,"comment_status":"closed","ping_status":"closed","template":"","meta":{"om_disable_all_campaigns":false,"footnotes":""},"class_list":["post-404","page","type-page","status-publish","hentry"],"_links":{"self":[{"href":"https:\/\/a2sf.fr\/index.php\/wp-json\/wp\/v2\/pages\/404","targetHints":{"allow":["GET"]}}],"collection":[{"href":"https:\/\/a2sf.fr\/index.php\/wp-json\/wp\/v2\/pages"}],"about":[{"href":"https:\/\/a2sf.fr\/index.php\/wp-json\/wp\/v2\/types\/page"}],"author":[{"embeddable":true,"href":"https:\/\/a2sf.fr\/index.php\/wp-json\/wp\/v2\/users\/1"}],"replies":[{"embeddable":true,"href":"https:\/\/a2sf.fr\/index.php\/wp-json\/wp\/v2\/comments?post=404"}],"version-history":[{"count":32,"href":"https:\/\/a2sf.fr\/index.php\/wp-json\/wp\/v2\/pages\/404\/revisions"}],"predecessor-version":[{"id":821,"href":"https:\/\/a2sf.fr\/index.php\/wp-json\/wp\/v2\/pages\/404\/revisions\/821"}],"wp:attachment":[{"href":"https:\/\/a2sf.fr\/index.php\/wp-json\/wp\/v2\/media?parent=404"}],"curies":[{"name":"wp","href":"https:\/\/api.w.org\/{rel}","templated":true}]}}